igit of 8099?
9
What is the thousands digit of 1342?
1
What is the units digit of 651?
1
What is the thousands digit of 7444?
7
What is the hundreds digit of 618?
6
What is the hundreds digit of 7203?
2
What is the hundreds digit of 1762?
7
What is the tens digit of 488?
8
What is the hundreds digit of 7194?
1
What is the ten thousands digit of 22259?
2
What is the ten thousands digit of 28642?
2
What is the thousands digit of 6275?
6
What is the tens digit of 9417?
1
What is the hundreds digit of 587?
5
What is the thousands digit of 11641?
1
What is the thousands digit of 3459?
3
What is the hundreds digit of 951?
9
What is the tens digit of 3727?
2
What is the hundreds digit of 22735?
7
What is the hundreds digit of 22430?
4
What is the hundreds digit of 2344?
3
What is the units digit of 30529?
9
What is the hundreds digit of 7283?
2
What is the thousands digit of 2835?
2
What is the tens digit of 1017?
1
What is the thousands digit of 1431?
1
What is the units digit of 103204?
4
What is the units digit of 26196?
6
What is the hundreds digit of 25249?
2
What is the tens digit of 197?
9
What is the hundreds digit of 10935?
9
What is the thousands digit of 83446?
3
What is the hundreds digit of 957?
9
What is the hundreds digit of 788?
7
What is the hundreds digit of 186?
1
What is the ten thousands digit of 71703?
7
What is the tens digit of 13706?
0
What is the units digit of 8763?
3
What is the units digit of 61820?
0
What is the thousands digit of 42858?
2
What is the hundreds digit of 1863?
8
What is the units digit of 2281?
1
What is the hundreds digit of 69787?
7
What is the tens digit of 13634?
3
What is the hundred thousands digit of 157921?
1
What is the tens digit of 7318?
1
What is the hundreds digit of 3152?
1
What is the tens digit of 97515?
1
What is the hundreds digit of 6300?
3
What is the units digit of 175963?
3
What is the tens digit of 1615?
1
What is the hundreds digit of 2290?
2
What is the tens digit of 59679?
7
What is the units digit of 14392?
2
What is the ten thousands digit of 15645?
1
What is the units digit of 863?
3
What is the units digit of 2387?
7
What is the tens digit of 1196?
9
What is the units digit of 2665?
5
What is the hundreds digit of 9321?
3
What is the tens digit of 60471?
7
What is the thousands digit of 5468?
5
What is the units digit of 33282?
2
What is the tens digit of 4796?
9
What is the units digit of 3620?
0
What is the tens digit of 96678?
7
What is the hundreds digit of 9340?
3
What is the tens digit of 9546?
4
What is the thousands digit of 2829?
2
What is the hundreds digit of 32588?
5
What is the tens digit of 7035?
3
What is the thousands digit of 1116?
1
What is the units digit of 133?
3
What is the hundreds digit of 21647?
6
What is the ten thousands digit of 149426?
4
What is the tens digit of 8793?
9
What is the hundreds digit of 2600?
6
What is the tens digit of 50487?
8
What is the thousands digit of 38603?
8
What is the thousands digit of 11336?
1
What is the hundreds digit of 9168?
1
What is the tens digit of 3208?
0
What is the hundreds digit of 884?
8
What is the units digit of 1068?
8
What is the ten thousands digit of 17177?
1
What is the units digit of 3920?
0
What is the tens digit of 43?
4
What is the hundred thousands digit of 125757?
1
What is the units digit of 714?
4
What is the hundreds digit of 2269?
2
What is the hundreds digit of 6092?
0
What is the hundreds digit of 936?
9
What is the thousands digit of 4867?
4
What is the units digit of 2115?
5
What is the hundreds digit of 9020?
0
What is the hundreds digit of 3379?
3
What is the tens digit of 7198?
9
What is the ten thousands digit of 53922?
5
What is the ten thousands digit of 36568?
3
What is the thousands digit of 130041?
0
What is the units digit of 702?
2
What is the units digit of 126?
6
What is the tens digit of 82680?
8
What is the hundreds digit of 2075?
0
What is the ten thousands digit of 80411?
8
What is the hundreds digit of 9679?
6
What is the tens digit of 75313?
1
What is the hundreds digit of 2703?
7
What is the thousands digit of 1104?
1
What is the tens digit of 32394?
9
What is the ten thousands digit of 30669?
3
What is the hundreds digit of 8350?
3
What is the hundreds digit of 5976?
9
What is the thousands digit of 69987?
9
What is the tens digit of 1432?
3
What is the thousands digit of 4883?
4
What is the tens digit of 142095?
9
What is the tens digit of 189?
8
What is the tens digit of 2152?
5
What is the ten thousands digit of 27154?
2
What is the ten thousands digit of 13240?
1
What is the tens digit of 19149?
4
What is the units digit of 1070?
0
What is the thousands digit of 14260?
4
What is the units digit of 13300?
0
What is the ten thousands digit of 41403?
4
What is the hundreds digit of 1596?
5
What is the thousands digit of 16169?
6
What is the thousands digit of 2709?
2
What is the units digit of 80663?
3
What is the thousands digit of 1388?
1
What is the tens digit of 518?
1
What is the tens digit of 3455?
5
What is the hundreds digit of 37769?
7
What is the tens digit of 96440?
4
What is the ten thousands digit of 57390?
5
What is the units digit of 3801?
1
What is the units digit of 1782?
2
What is the hundreds digit of 4051?
0
What is the hundreds digit of 885?
8
What is the tens digit of 1133?
3
What is the units digit of 349?
9
What is the thousands digit of 6386?
6
What is the thousands digit of 2100?
2
What is the thousands digit of 14405?
4
What is the units digit of 882?
2
What is the units digit of 61463?
3
What is the ten thousands digit of 52459?
5
What is the tens digit of 55250?
5
What is the tens digit of 17772?
7
What is the tens digit of 30?
3
What is the thousands digit of 36526?
6
What is the ten thousands digit of 40813?
4
What is the hundreds digit of 1947?
9
What is the thousands digit of 2758?
2
What is the hundreds digit of 40419?
4
What is the thousands digit of 10541?
0
What is the tens digit of 3430?
3
What is the hundred thousands digit of 105330?
1
What is the tens digit of 3949?
4
What is the hundreds digit of 839?
8
What is the hundreds digit of 3803?
8
What is the units digit of 2154?
4
What is the thousands digit of 7987?
7
What is the thousands digit of 22961?
2
What is the thousands digit of 10033?
0
What is the hundreds digit of 1715?
7
What is the hundreds digit of 4632?
6
What is the thousands digit of 62385?
2
What is the hundreds digit of 15589?
5
What is the tens digit of 5758?
5
What is the hundreds digit of 4400?
4
What is the hundreds digit of 586?
5
What is the units digit of 2930?
0
What is the ten thousands digit of 38730?
3
What is the hundreds digit of 118?
1
What is the hundreds digit of 14313?
3
What is the tens digit of 1228?
2
What is the units digit of 24295?
5
What is the tens digit of 351?
5
What is the units digit of 13056?
6
What is the hundreds digit of 59849?
8
What is the units digit of 3617?
7
What is the units digit of 77484?
4
What is the hundreds digit of 930?
9
What is the units digit of 3599?
9
What is the tens digit of 2136?
3
What is the tens digit of 41794?
9
What is the thousands digit of 2780?
2
What is the units digit of 117?
7
What is the hundreds digit of 1658?
6
What is the ten thousands digit of 32273?
3
What is the hundreds digit of 1553?
5
What is the thousands digit of 15134?
5
What is the units digit of 702?
2
What is the hundreds digit of 4606?
6
What is the hundreds digit of 809?
8
What is the units digit of 1192?
2
What is the thousands digit of 2744?
2
What is the tens digit of 1270?
7
What is the hundreds digit of 647?
6
What is the tens digit of 904?
0
What is the hundreds digit of 15109?
1
What is the units digit of 14679?
9
What is the units digit of 686?
6
What is the ten thousands digit of 21312?
2
What is the tens digit of 13887?
8
What is the tens digit of 3583?
8
What is the units digit of 5966?
6
What is the units digit of 47487?
7
What is the tens digit of 11566?
6
What is the hundreds digit of 382?
3
What is the hundreds digit of 9730?
7
What is the tens digit of 1382?
8
What is the units digit of 2130?
0
What is the hundreds digit of 997?
9
What is the units digit of 764?
4
What is the hundreds digit of 668?
6
What is the thousands digit of 55277?
5
What is the tens 